101. Suppose 0*c - x = -4*c. Suppose 3*n - c + 392 = 0. Is n prime?
True
Suppose -c = 5*s - 19, -3*c = 5*s + 2*c - 35. Suppose -4*k + 31 = s*j, -5*j + 15 = -10. Suppose -k*o + 637 = f - 206, -f + 210 = o. Is o prime?
True
Let k = -6557 - -11990. Is k a prime number?
False
Suppose 4*m + 2*y = 2*m - 2, y + 1 = 2*m. Suppose m = l - 44 + 1. Is l a composite number?
False
Suppose m = 3*h + h - 24, -h + 5 = 0. Let u(s) = 56*s**2 + 3*s + 23. Is u(m) prime?
True
Let o be (-18)/4 - 3/(-2). Let k be (o/(-5))/((-6)/(-30)). Suppose g = -k*g + 484. Is g a prime number?
False
Let o(s) = s**2 + s - 3. Let d be ((-2)/(-3))/((-24)/108). Let r be o(d). Suppose -4*w - 2*l + 238 = -338, -r*w = l - 433. Is w prime?
False
Let b(d) = 13*d + 3. Suppose -6*g = -4*g - 4. Suppose -g*m = -3*m + 12. Is b(m) a composite number?
True
Suppose 5*u = -v + 12008, 31*u = -2*v + 27*u + 23998. Is v a prime number?
False
Let p = -7039 + 48098. Is p composite?
True
Suppose 92*z + 4403 = 99*z. Is z prime?
False
Let y(x) be the second derivative of -x**5/20 - x**4/4 - 2*x**3/3 + 3*x**2/2 + 8*x. Let r be y(-4). Is 15/r - (-2510)/7 a prime number?
True
Let b = -67195 - -116624. Is b composite?
False
Suppose -2*j = -5*j - 5*s - 18, 2*s = -6. Let m(p) = 170*p**2. Let q be m(j). Suppose -t = -3*t + q. Is t prime?
False
Suppose 2*l - 4*w = 51 + 61, 5*l + w = 280. Suppose -4*a - 220 = l. Is (a/6 - -2)*-14 a prime number?
False
Let h(n) = 4*n + 55. Let b be h(-15). Is 1 - ((b - 0) + -296) a composite number?
True
Let j = -11 + 14. Let k be (3/j)/3*-3. Let a(q) = -71*q - 2. Is a(k) prime?
False
Let z(g) be the first derivative of g**7/840 + g**6/120 + g**4/8 + 5*g**3/3 + 6. Let s(v) be the third derivative of z(v). Is s(5) composite?
True
Suppose -6*r = -7*r - 646. Let q = 1637 + r. Is q prime?
True
Let j = -24 - -27. Suppose -3*o - 4 = -p, -9 = 3*p - j*o - 21. Suppose 3*t = 9, 0 = -p*b + 3*t - t + 3670. Is b a composite number?
False
Let y be (-1 + 0)*(-1036)/(-7). Let g be y/(-8)*18 - 1. Suppose g = 4*s - 4*z + z, -z + 166 = 2*s. Is s a composite number?
False
Let s be 0/(-4 - 0 - -5) + 1. Suppose -r = -0*r - 1136. Is ((-10)/s)/((-32)/r) a prime number?
False
Let g = 46515 + -19474. Is g a prime number?
False
Let y(f) = 3*f + 45. Let s be y(-25). Is 3/15 - (156774/s + -1) composite?
False
Suppose 0 = -3*b + 3 + 15. Let k(y) = y**3 - 8*y**2 + 8*y + 2. Let j be k(7). Is (268/6)/(b/j) prime?
True
Is 7956 - 11 - (7 + -1 + -2) prime?
False
Suppose 5*b - 8*b = 2*t - 13, -5*b = 5*t - 15. Suppose 1110 = b*i - 2152. Is i a prime number?
False
Let d = 146 - 66. Suppose -d = -p + 5*p. Let j = p - -159. Is j a prime number?
True
Let x = 6 - -4. Suppose 0 = -n + 639 + 120. Suppose x*h = 7*h + n. Is h composite?
True
Is (-1718)/(-7 + (-20)/(-4)) a composite number?
False
Suppose 5*y + 0*y - 8580 = 2*a, 3*a + 6857 = 4*y. Suppose 4*l = 326 + y. Is l composite?
True
Let b(w) = 268*w**2 + 2*w - 43. Is b(-8) a prime number?
True
Let r(u) = -637*u + 82. Is r(-13) a prime number?
True
Let s(k) = -k + 13*k**3 + k**3 + 2*k**2 + 103*k**3. Let d(z) = z**3 + 5*z**2 + 3*z - 3. Let w be d(-4). Is s(w) a composite number?
True
Let k = -18349 + 39560. Is k composite?
False
Let h = 1293 + -463. Suppose -2*s + h - 72 = 0. Is s prime?
True
Suppose -53 = -b + 75. Suppose 0 = 5*w - 4*v - 805, -2*w - v = -b - 181. Is w a composite number?
False
Let h(j) = 26*j**2 + 6*j + 81. Is h(14) prime?
True
Is ((-56607)/18)/(3 - (-38)/(-12)) a prime number?
True
Suppose -39069 - 27162 = -27*y. Is y a composite number?
True
Suppose -3 = k + a, -a = k - 5*a - 12. Is (2435/(-10) - k)*-2 a prime number?
True
Let k(c) = 16349*c**2 - 5*c - 5. Is k(-1) a prime number?
True
Let f = 702 - 328. Let i = 1729 - f. Is i composite?
True
Let l = -6 - -8. Let v(n) = -n**3 + 3*n**2 + 2*n**3 - 12*n**2 + 4 - 3 + l*n. Is v(9) a prime number?
True
Let k(l) = 19*l**3 - 5*l**2 + 4*l - 7. Let n(v) = v**3 - v**2 + v - 1. Let q(m) = -k(m) + 6*n(m). Let p be ((-4)/10)/((-1)/(-5)). Is q(p) composite?
False
Let n = -31 - -45. Suppose n = -11*d + 4*d. Is (-9)/(-6) - 385/d prime?
False
Suppose 35*j - 129729 = -24974. Is j composite?
True
Let t(w) = 4*w. Let u be t(-4). Let d = u + 19. Suppose 3*l + 2*h - 159 = 0, -190 = -5*l + d*h + 75. Is l prime?
True
Suppose -4*x = -5*f - 8, -3*f + 3*x + 2*x - 10 = 0. Suppose 3*n = 12, -2*u + 3*n + 6 = -f*n. Suppose -804 = -u*v + 5*v. Is v a prime number?
False
Let u be -1*-3*(-2)/6. Let r be u - 1 - (2 + -17). Suppose 0 = -2*y + 3*y - r. Is y composite?
False
Is (-8146)/(-2) + (-11 - -16) prime?
False
Let d(j) = 2*j**2 - 13*j - 13. Let c(w) = -3*w**2 + 13*w + 14. Let l(p) = -6*c(p) - 7*d(p). Is l(-8) a composite number?
True
Suppose 6 + 2 = 4*w. Suppose w*z - 127 = -g + z, -z = 0. Is g prime?
True
Let w be (11 + 3)/(2*(-4)/824). Let m = 2655 + w. Is m a composite number?
False
Let q(a) = -a**3 + 7*a**2 + 5*a + 3. Suppose 4*c - d - 26 = -0*c, c - 14 = 4*d. Let s be q(c). Let o = s - 34. Is o a prime number?
False
Let k(t) = 3*t**2. Suppose -z + 1 = -0*z. Let a be k(z). Suppose 2*g = -0*g + 2*j + 422, -4*g + a*j + 848 = 0. Is g a prime number?
False
Let u(l) be the third derivative of 3*l**6/20 - l**4/24 + 5*l**3/6 - l**2. Let s(j) be the first derivative of u(j). Is s(-1) prime?
True
Suppose 994 = -2*r - 2*i, r + 1979 = -3*r + 5*i. Suppose 2*f + m - 990 = 1251, 5*f - 5580 = 5*m. Let x = f + r. Is x a composite number?
True
Is 11*9/((-396)/(-241324)) a composite number?
False
Suppose c = -2*u + 204, -540 = -2*u - 3*u + 5*c. Suppose -v = -u - 117. Let b = v + -108. Is b a prime number?
True
Let o(i) = 14*i**3 - 6*i**2 + 18*i - 11. Is o(9) composite?
False
Let m(k) = 201*k + 131. Is m(32) composite?
False
Suppose 4*v + v = 20. Suppose -v*r + 0 - 36 = 0. Let t = r - -46. Is t composite?
False
Suppose -8*i - 10*i + 239562 = 0. Is i prime?
True
Is 1*-2*(-329582)/284 a composite number?
True
Let s be ((-2)/4)/(10/40). Let z(p) be the first derivative of -83*p**4/2 + 2*p**3/3 - p**2/2 - p - 1. Is z(s) a composite number?
True
Let q(d) = 7*d**2 + 4*d + 2. Let k be q(6). Suppose -3*u + k + 349 = 0. Let h = 368 - u. Is h composite?
True
Suppose -3*b = 2*x - 110, 0*x - 5*x = -2*b - 313. Let w = x - -56. Suppose 15 + w = 4*m. Is m a prime number?
False
Let t be 58/18 - 4 - (-6)/(-27). Is (22 - 8/4)*25 + t prime?
True
Suppose 75 = -r + 12. Let c = 438 + r. Suppose -2*u + 229 = 5*i, 5*i = 4*u + c - 908. Is u prime?
True
Let n = 6 + 0. Let d(y) = 4*y + 28*y + 4 - n + y. Is d(5) a composite number?
False
Let g(b) = 49*b**2 + 23*b - 19. Is g(-20) a prime number?
True
Suppose 4*w = -5*y - 189, 2*w = y - 7 + 42. Let a = -35 - y. Is 35 + (-5 - (-6)/a) prime?
False
Let b(n) = 3*n**3 - 4*n**2 + 8. Let o(q) = 11*q**3 - 16*q**2 - q + 33. Let f(m) = 9*b(m) - 2*o(m). Is f(5) composite?
False
Let l(r) = r - 21. Let s be l(18). Let u(f) = -979*f + 2. Is u(s) a prime number?
True
Let z be (8 + 3 + -5)/2. Suppose 11*m - o = 10*m + 745, z*m - 4*o = 2235. Is m a composite number?
True
Let u be 3/21 - (-62487)/63. Let b = u + -409. Is b a composite number?
True
Let w(s) = -17*s**3 + 2*s - 3. Let j be w(4). Let y = 734 - j. Is y composite?
True
Let g be 2 + 0 + 22 - -3. Let a be (12/18)/((-2)/462*-2). Suppose 2*w = -z + a, 4*w + g + 87 = 2*z. Is z prime?
True
Let w = 105 + -180. Is (w/60)/(0 - 2/7256) prime?
False
Is 8/(-60)*-12306 + 7/35 a prime number?
False
Let i(r) = 138*r**3 - 6*r**2 - 2*r + 25. Is i(3) a prime number?
True
Suppose 3*b = 4*n - 28, -4*n = 5*b - 6*n + 28. Let d be b/16 + 50/8. Suppose 3032 = d*u + 2*u. Is u a prime number?
True
Suppose -o - 2309 = -r + 846, 0 = 3*o - 9. Is r composite?
True
Let r be -3 + 2 + -1 - -22. Suppose i = -i + r. Is (-393)/(-5) + 4/i a composite number?
False
Let g(h) = 2*h**2 + 16*h - 1. Let w be g(17). Let j = w + -467. Is j a prime number?
False
Let q(r) = 3205*r - 518. Is q(57) prime?
True
Let y = 505 - 304. Is y prime?
False
Let r = 1464 + 1795. Is r composite?
False
Suppose 0 = 45*x - 36*x. Suppose -3*z + 3*r = -21, -5*z + z - 5*r = 17. Suppose -f + 176 = 3*h, x*f = 2*f - z*h - 312. Is f prime?
False
Let a = -408 + 1274. Is a prime?
False
Suppose -5*w + 33 = -42. Suppose -w = 2*r - 3*m, -r = -2*r + 4*m - 20. Suppose r*b = 3*b - 354. Is b composite?
True
Suppose 18*x - x - 20417 = 0. Is x prime?
True
Let s(v) = -